13379?
17, 787
List the prime factors of 11003.
11003
What are the prime factors of 46294?
2, 79, 293
What are the prime factors of 92614?
2, 46307
What are the prime factors of 1351?
7, 193
What are the prime factors of 562?
2, 281
What are the prime factors of 3509?
11, 29
List the prime factors of 29219.
61, 479
List the prime factors of 9670.
2, 5, 967
What are the prime factors of 36489?
3, 12163
List the prime factors of 857.
857
List the prime factors of 17026.
2, 8513
What are the prime factors of 249?
3, 83
List the prime factors of 1930.
2, 5, 193
What are the prime factors of 12546?
2, 3, 17, 41
What are the prime factors of 82348?
2, 7, 17, 173
What are the prime factors of 580?
2, 5, 29
What are the prime factors of 9990?
2, 3, 5, 37
List the prime factors of 5532.
2, 3, 461
List the prime factors of 784.
2, 7
List the prime factors of 2737.
7, 17, 23
List the prime factors of 8605.
5, 1721
List the prime factors of 158.
2, 79
List the prime factors of 8010.
2, 3, 5, 89
What are the prime factors of 214?
2, 107
What are the prime factors of 4080?
2, 3, 5, 17
What are the prime factors of 30?
2, 3, 5
List the prime factors of 19963.
19963
List the prime factors of 5044.
2, 13, 97
List the prime factors of 16536.
2, 3, 13, 53
List the prime factors of 8957.
13, 53
What are the prime factors of 1320?
2, 3, 5, 11
List the prime factors of 71513.
13, 5501
List the prime factors of 49726.
2, 23, 47
What are the prime factors of 1613?
1613
List the prime factors of 52035.
3, 5, 3469
List the prime factors of 50148.
2, 3, 7, 199
List the prime factors of 42647.
11, 3877
What are the prime factors of 74315?
5, 89, 167
What are the prime factors of 392?
2, 7
What are the prime factors of 26062?
2, 83, 157
What are the prime factors of 2420?
2, 5, 11
What are the prime factors of 1961?
37, 53
What are the prime factors of 916?
2, 229
List the prime factors of 7188.
2, 3, 599
What are the prime factors of 2681?
7, 383
What are the prime factors of 31471?
11, 2861
What are the prime factors of 172?
2, 43
What are the prime factors of 13333?
67, 199
What are the prime factors of 30140?
2, 5, 11, 137
List the prime factors of 3904.
2, 61
What are the prime factors of 1720?
2, 5, 43
List the prime factors of 81418.
2, 40709
What are the prime factors of 9349?
9349
List the prime factors of 27036.
2, 3, 751
List the prime factors of 5281.
5281
What are the prime factors of 3435?
3, 5, 229
What are the prime factors of 1779?
3, 593
What are the prime factors of 22228?
2, 5557
What are the prime factors of 58459?
53, 1103
What are the prime factors of 4583?
4583
What are the prime factors of 473?
11, 43
List the prime factors of 66031.
7, 9433
What are the prime factors of 543?
3, 181
List the prime factors of 2612.
2, 653
What are the prime factors of 2579?
2579
What are the prime factors of 1274?
2, 7, 13
List the prime factors of 94353.
3, 7, 4493
List the prime factors of 2638.
2, 1319
List the prime factors of 452.
2, 113
What are the prime factors of 1231?
1231
List the prime factors of 13962.
2, 3, 13, 179
What are the prime factors of 2148?
2, 3, 179
List the prime factors of 82590.
2, 3, 5, 2753
What are the prime factors of 1470?
2, 3, 5, 7
What are the prime factors of 23149?
7, 3307
List the prime factors of 566.
2, 283
What are the prime factors of 963?
3, 107
What are the prime factors of 1568?
2, 7
List the prime factors of 19588.
2, 59, 83
What are the prime factors of 30150?
2, 3, 5, 67
List the prime factors of 5541.
3, 1847
What are the prime factors of 1115?
5, 223
List the prime factors of 82506.
2, 3, 13751
List the prime factors of 27965.
5, 7, 17, 47
What are the prime factors of 10538?
2, 11, 479
What are the prime factors of 43885?
5, 67, 131
List the prime factors of 40499.
40499
What are the prime factors of 3891?
3, 1297
What are the prime factors of 124?
2, 31
What are the prime factors of 321?
3, 107
What are the prime factors of 37752?
2, 3, 11, 13
List the prime factors of 2443.
7, 349
What are the prime factors of 2293?
2293
List the prime factors of 36967.
7, 5281
List the prime factors of 2526.
2, 3, 421
What are the prime factors of 12573?
3, 11, 127
List the prime factors of 1422.
2, 3, 79
List the prime factors of 37892.
2, 9473
List the prime factors of 764.
2, 191
List the prime factors of 2326.
2, 1163
What are the prime factors of 21348?
2, 3, 593
What are the prime factors of 40871?
23, 1777
What are the prime factors of 445?
5, 89
What are the prime factors of 57446?
2, 28723
List the prime factors of 646.
2, 17, 19
What are the prime factors of 2982?
2, 3, 7, 71
List the prime factors of 2916.
2, 3
What are the prime factors of 486?
2, 3
List the prime factors of 89206.
2, 13, 47, 73
List the prime factors of 1769.
29, 61
What are the prime factors of 1775?
5, 71
List the prime factors of 1961.
37, 53
List the prime factors of 894.
2, 3, 149
What are the prime factors of 119150?
2, 5, 2383
List the prime factors of 49729.
223
List the prime factors of 8621.
37, 233
What are the prime factors of 7591?
7591
List the prime factors of 8998.
2, 11, 409
List the prime factors of 155970.
2, 3, 5, 1733
List the prime factors of 28758.
2, 3, 4793
What are the prime factors of 27941?
27941
List the prime factors of 98952.
2, 3, 7, 19, 31
What are the prime factors of 78254?
2, 11, 3557
List the prime factors of 6992.
2, 19, 23
What are the prime factors of 1644?
2, 3, 137
What are the prime factors of 10025?
5, 401
What are the prime factors of 1746?
2, 3, 97
What are the prime factors of 17213?
7, 2459
List the prime factors of 259.
7, 37
What are the prime factors of 2671?
2671
What are the prime factors of 2005?
5, 401
List the prime factors of 7399.
7, 151
List the prime factors of 806.
2, 13, 31
List the prime factors of 140.
2, 5, 7
What are the prime factors of 1765?
5, 353
List the prime factors of 19921.
11, 1811
What are the prime factors of 66275?
5, 11, 241
What are the prime factors of 92564?
2, 73, 317
List the prime factors of 66815.
5, 7, 23, 83
List the prime factors of 1593.
3, 59
List the prime factors of 183.
3, 61
List the prime factors of 50954.
2, 73, 349
What are the prime factors of 1098?
2, 3, 61
What are the prime factors of 11592?
2, 3, 7, 23
List the prime factors of 11106.
2, 3, 617
What are the prime factors of 117252?
2, 3, 3257
What are the prime factors of 676?
2, 13
List the prime factors of 1212.
2, 3, 101
List the prime factors of 18142.
2, 47, 193
What are the prime factors of 7351?
7351
What are the prime factors of 24542?
2, 7, 1753
List the prime factors of 40366.
2, 20183
What are the prime factors of 2676?
2, 3, 223
What are the prime factors of 1984?
2, 31
What are the prime factors of 38145?
3, 5, 2543
What are the prime factors of 2495?
5, 499
What are the prime factors of 18376?
2, 2297
List the prime factors of 7984.
2, 499
What are the prime factors of 19396?
2, 13, 373
What are the prime factors of 2206?
2, 1103
List the prime factors of 1512.
2, 3, 7
What are the prime factors of 8769?
3, 37, 79
List the prime factors of 1063.
1063
List the prime factors of 794.
2, 397
What are the prime factors of 95?
5, 19
List the prime factors of 2798.
2, 1399
List the prime factors of 5585.
5, 1117
List the prime factors of 3483.
3, 43
List the prime factors of 2772.
2, 3, 7, 11
What are the prime factors of 1412?
2, 353
What are the prime factors of 26102?
2, 31, 421
What are the prime factors of 15067?
13, 19, 61
List the prime factors of 1758.
2, 3, 293
List the prime factors of 162327.
3, 11, 4919
List the prime factors of 5986.
2, 41, 73
List the prime factors of 2243.
2243
List the prime factors of 23486.
2, 11743
What are the prime factors of 41605?
5, 53, 157
List the prime factors of 65261.
7, 9323
What are the prime factors of 18626?
2, 67, 139
List the prime factors of 78.
2, 3, 13
What are the prime factors of 3997?
7, 571
List the prime factors of 1683.
3, 11, 17
List the prime factors of 3595.
5, 719
List the prime factors of 2094.
2, 3, 349
List the prime factors of 7806.
2, 3, 1301
List the prime factors of 38990.
2, 5, 7, 557
List the prime factors of 1772.
2, 443
List the prime factors of 828.
2, 3, 23
List the prime factors of 115431.
3, 109, 353
List 